ed by 642?
428
What is the remainder when 4111797 is divided by 20?
17
What is the remainder when 432671 is divided by 53992?
735
What is the remainder when 11316465 is divided by 71?
59
Calculate the remainder when 5103690 is divided by 1467.
1464
Calculate the remainder when 12127221 is divided by 2425442.
11
Calculate the remainder when 704170 is divided by 9780.
10
What is the remainder when 17061426 is divided by 190?
186
Calculate the remainder when 7147067 is divided by 1786759.
31
Calculate the remainder when 138796 is divided by 14957.
4183
Calculate the remainder when 5646569 is divided by 1918.
1895
What is the remainder when 3186171 is divided by 2682?
2637
Calculate the remainder when 238216613 is divided by 1479.
1478
What is the remainder when 3435382 is divided by 133?
125
Calculate the remainder when 424993 is divided by 1324.
1313
Calculate the remainder when 264369 is divided by 190.
79
Calculate the remainder when 126271 is divided by 24201.
5266
Calculate the remainder when 21021537 is divided by 7007067.
336
Calculate the remainder when 11853504 is divided by 6332.
0
Calculate the remainder when 528795203 is divided by 2897.
2896
Calculate the remainder when 246207 is divided by 24587.
337
What is the remainder when 52049 is divided by 25705?
639
What is the remainder when 1020547 is divided by 1095?
7
Calculate the remainder when 685309 is divided by 15575.
9
What is the remainder when 1140276 is divided by 1543?
1542
What is the remainder when 224300 is divided by 74758?
26
What is the remainder when 1861052176 is divided by 29?
28
What is the remainder when 224590 is divided by 2833?
783
What is the remainder when 80036 is divided by 766?
372
What is the remainder when 611182 is divided by 27775?
132
Calculate the remainder when 5116018 is divided by 189482.
4
What is the remainder when 3041 is divided by 1973?
1068
Calculate the remainder when 1276194 is divided by 13.
10
What is the remainder when 54203742 is divided by 224?
222
What is the remainder when 6296600 is divided by 13?
11
Calculate the remainder when 95388 is divided by 300.
288
Calculate the remainder when 554844 is divided by 49.
17
Calculate the remainder when 237091 is divided by 11288.
43
What is the remainder when 1250757421 is divided by 14?
11
What is the remainder when 221813 is divided by 356?
25
What is the remainder when 35111732 is divided by 516?
512
Calculate the remainder when 515820 is divided by 739.
737
What is the remainder when 24172 is divided by 11843?
486
Calculate the remainder when 85394 is divided by 85142.
252
Calculate the remainder when 143268 is divided by 72.
60
What is the remainder when 5771307 is divided by 2111?
1944
What is the remainder when 250174 is divided by 97?
11
What is the remainder when 136303208 is divided by 5935?
5933
What is the remainder when 40314929 is divided by 870?
869
Calculate the remainder when 54495 is divided by 598.
77
What is the remainder when 2247136 is divided by 673?
662
What is the remainder when 15235234 is divided by 108?
106
Calculate the remainder when 985430 is divided by 214.
174
What is the remainder when 485161673 is divided by 25?
23
What is the remainder when 730236 is divided by 938?
472
What is the remainder when 6200523 is divided by 10017?
0
Calculate the remainder when 69342 is divided by 23006.
324
What is the remainder when 3640192 is divided by 1999?
13
Calculate the remainder when 170061 is divided by 227.
38
Calculate the remainder when 1673817806 is divided by 7.
3
What is the remainder when 44577 is divided by 87?
33
What is the remainder when 4881249 is divided by 976245?
24
What is the remainder when 23920 is divided by 22153?
1767
Calculate the remainder when 184542 is divided by 6794.
1104
Calculate the remainder when 1258129 is divided by 314531.
5
What is the remainder when 10131 is divided by 441?
429
What is the remainder when 817493 is divided by 48086?
31
What is the remainder when 23682673 is divided by 357?
7
What is the remainder when 58332647 is divided by 1106?
1101
Calculate the remainder when 15903050 is divided by 247.
202
What is the remainder when 15023 is divided by 1305?
668
What is the remainder when 1521201 is divided by 3631?
3443
What is the remainder when 4040397 is divided by 6?
3
Calculate the remainder when 37369379 is divided by 1459.
12
What is the remainder when 365337 is divided by 3766?
35
Calculate the remainder when 41788414 is divided by 192.
190
What is the remainder when 277310 is divided by 213?
197
Calculate the remainder when 121780384 is divided by 1014.
1012
What is the remainder when 5814583 is divided by 242274?
7
Calculate the remainder when 39225 is divided by 7822.
115
Calculate the remainder when 35218896 is divided by 143.
141
Calculate the remainder when 165884843 is divided by 8834.
8825
What is the remainder when 270035 is divided by 1751?
381
Calculate the remainder when 4217782 is divided by 19.
10
Calculate the remainder when 177855258 is divided by 4652.
4646
Calculate the remainder when 56112 is divided by 107.
44
Calculate the remainder when 65630243 is divided by 2293.
2290
What is the remainder when 4914674 is divided by 43108?
362
What is the remainder when 932730 is divided by 12603?
108
Calculate the remainder when 25686 is divided by 296.
230
Calculate the remainder when 5837247 is divided by 3568.
3567
What is the remainder when 269453 is divided by 22454?
5
Calculate the remainder when 48003638 is divided by 924.
914
Calculate the remainder when 375150 is divided by 386.
344
Calculate the remainder when 99512704 is divided by 31.
7
Calculate the remainder when 1458219 is divided by 557.
550
What is the remainder when 42588014 is divided by 2611?
2604
What is the remainder when 25777987 is divided by 106?
59
What is the remainder when 65159 is divided by 5706?
2393
Calculate the remainder when 6151620 is divided by 4107.
3441
What is the remainder when 46441858 is divided by 9288360?
58
Calculate the remainder when 4510760 is divided by 12.
8
What is the remainder when 252416 is divided by 28030?
146
Calculate the remainder when 203537 is divided by 121.
15
Calculate the remainder when 1004380843 is divided by 15.
13
What is the remainder when 126942 is divided by 2864?
926
What is the remainder when 8965334 is divided by 13069?
0
Calculate the remainder when 1769234 is divided by 589599.
437
Calculate the remainder when 2664749 is divided by 984.
77
Calculate the remainder when 98512500 is divided by 36.
12
What is the remainder when 2200252 is divided by 743?
229
What is the remainder when 1878340 is divided by 626112?
4
What is the remainder when 21424126 is divided by 634?
632
Calculate the remainder when 18180122 is divided by 649290.
2
What is the remainder when 5208236 is divided by 28771?
685
Calculate the remainder when 3729955 is divided by 5061.
5059
Calculate the remainder when 574207 is divided by 574199.
8
Calculate the remainder when 740742 is divided by 18518.
22
Calculate the remainder when 2612919 is divided by 3470.
9
Calculate the remainder when 62594262 is divided by 7.
3
What is the remainder when 175985 is divided by 223?
38
What is the remainder when 93829 is divided by 10461?
10141
Calculate the remainder when 30305470 is divided by 15152733.
4
Calculate the remainder when 215543 is divided by 3069.
713
What is the remainder when 95191 is divided by 138?
109
What is the remainder when 2702798 is divided by 1344?
14
What is the remainder when 4524298 is divided by 25?
23
What is the remainder when 1937586 is divided by 74519?
92
What is the remainder when 88838 is divided by 44381?
76
What is the remainder when 10501001 is divided by 79?
5
Calculate the remainder when 2432576 is divided by 173754.
20
Calculate the remainder when 1387848 is divided by 1387834.
14
What is the remainder when 230447 is divided by 115184?
79
Calculate the remainder when 65082885 is divided by 13.
10
Calculate the remainder when 1108253 is divided by 184617.
551
Calculate the remainder when 228262 is divided by 5807.
1789
Calculate the remainder when 10326 is divided by 2596.
2538
Calculate the remainder when 9792089 is divided by 2448017.
21
Calculate the remainder when 5501847 is divided by 